{"id":153,"date":"2026-02-20T12:22:36","date_gmt":"2026-02-20T12:22:36","guid":{"rendered":"https:\/\/associationpei.re\/?page_id=153"},"modified":"2026-03-08T10:47:52","modified_gmt":"2026-03-08T10:47:52","slug":"qui-sommes-nous-2","status":"publish","type":"page","link":"https:\/\/associationpei.re\/","title":{"rendered":"Qui sommes-nous ?"},"content":{"rendered":"\n<blockquote class=\"wp-block-quote is-layout-flow wp-block-quote-is-layout-flow\">\n<p class=\"has-text-align-center\" style=\"text-transform:none\">\u00ab\u00a0Le collectif au service du lien environnemental et social\u00a0\u00bb<\/p>\n\n\n\n<figure class=\"wp-block-image aligncenter size-full is-resized\"><img fetchpriority=\"high\" decoding=\"async\" width=\"500\" height=\"500\" src=\"http:\/\/associationpei.re\/wp-content\/uploads\/2026\/02\/Logo_run_projets_etudes_impact_mots_couleurs.png\" alt=\"\" class=\"wp-image-56\" style=\"width:417px;height:auto\" srcset=\"https:\/\/associationpei.re\/wp-content\/uploads\/2026\/02\/Logo_run_projets_etudes_impact_mots_couleurs.png 500w, https:\/\/associationpei.re\/wp-content\/uploads\/2026\/02\/Logo_run_projets_etudes_impact_mots_couleurs-300x300.png 300w, https:\/\/associationpei.re\/wp-content\/uploads\/2026\/02\/Logo_run_projets_etudes_impact_mots_couleurs-150x150.png 150w\" sizes=\"(max-width: 500px) 100vw, 500px\" \/><\/figure>\n<\/blockquote>\n\n\n\n<p style=\"text-transform:none\">Ce site a \u00e9t\u00e9 financ\u00e9 par l\u2019Union Europ\u00e9enne dans le cadre du programme FEDER-FSE+ R\u00e9union dont l\u2019Autorit\u00e9 de gestion est la R\u00e9gion R\u00e9union. L\u2019Europe s\u2019engage \u00e0 La R\u00e9union avec le fonds FEDER<\/p>\n\n\n\n<div class=\"wp-block-columns is-layout-flex wp-container-core-columns-is-layout-28f84493 wp-block-columns-is-layout-flex\">\n<div class=\"wp-block-column is-layout-flow wp-block-column-is-layout-flow\">\n<div class=\"wp-block-columns is-layout-flex wp-container-core-columns-is-layout-28f84493 wp-block-columns-is-layout-flex\">\n<div class=\"wp-block-column is-layout-flow wp-block-column-is-layout-flow\" style=\"flex-basis:100%\">\n<div class=\"wp-block-columns is-layout-flex wp-container-core-columns-is-layout-28f84493 wp-block-columns-is-layout-flex\">\n<div class=\"wp-block-column is-layout-flow wp-block-column-is-layout-flow\" style=\"flex-basis:33.34%\">\n<figure class=\"wp-block-image size-full is-resized\"><img decoding=\"async\" width=\"212\" height=\"238\" src=\"http:\/\/associationpei.re\/wp-content\/uploads\/2026\/02\/Logo-Kap-Numerik.jpg\" alt=\"\" class=\"wp-image-77\" style=\"aspect-ratio:0.8908185416932703;width:138px;height:auto\"\/><\/figure>\n<\/div>\n\n\n\n<div class=\"wp-block-column is-layout-flow wp-block-column-is-layout-flow\" style=\"flex-basis:33.34%\">\n<figure class=\"wp-block-image size-full is-resized\"><img decoding=\"async\" width=\"493\" height=\"386\" src=\"http:\/\/associationpei.re\/wp-content\/uploads\/2026\/02\/SITE-RR-QUADRI-copie.jpg\" alt=\"\" class=\"wp-image-76\" style=\"aspect-ratio:1.2772724340365138;width:192px;height:auto\" srcset=\"https:\/\/associationpei.re\/wp-content\/uploads\/2026\/02\/SITE-RR-QUADRI-copie.jpg 493w, https:\/\/associationpei.re\/wp-content\/uploads\/2026\/02\/SITE-RR-QUADRI-copie-300x235.jpg 300w\" sizes=\"(max-width: 493px) 100vw, 493px\" \/><\/figure>\n<\/div>\n\n\n\n<div class=\"wp-block-column is-layout-flow wp-block-column-is-layout-flow\" style=\"flex-basis:33.33%\">\n<figure class=\"wp-block-image size-large\"><img loading=\"lazy\" decoding=\"async\" width=\"1024\" height=\"214\" src=\"http:\/\/associationpei.re\/wp-content\/uploads\/2026\/02\/FR-Cofinance-par-lUnion-europeenne_POS_1-1024x214.png\" alt=\"\" class=\"wp-image-75\" srcset=\"https:\/\/associationpei.re\/wp-content\/uploads\/2026\/02\/FR-Cofinance-par-lUnion-europeenne_POS_1-1024x214.png 1024w, https:\/\/associationpei.re\/wp-content\/uploads\/2026\/02\/FR-Cofinance-par-lUnion-europeenne_POS_1-300x63.png 300w, https:\/\/associationpei.re\/wp-content\/uploads\/2026\/02\/FR-Cofinance-par-lUnion-europeenne_POS_1-768x160.png 768w, https:\/\/associationpei.re\/wp-content\/uploads\/2026\/02\/FR-Cofinance-par-lUnion-europeenne_POS_1.png 1092w\" sizes=\"(max-width: 1024px) 100vw, 1024px\" \/><\/figure>\n<\/div>\n<\/div>\n<\/div>\n<\/div>\n<\/div>\n<\/div>\n\n\n\n<p style=\"text-transform:none\">En collaboration avec :<\/p>\n\n\n\n<figure class=\"wp-block-image size-full is-resized\"><img loading=\"lazy\" decoding=\"async\" width=\"413\" height=\"122\" src=\"http:\/\/associationpei.re\/wp-content\/uploads\/2026\/02\/logo-parallele-sud.png\" alt=\"\" class=\"wp-image-78\" style=\"width:276px;height:auto\" srcset=\"https:\/\/associationpei.re\/wp-content\/uploads\/2026\/02\/logo-parallele-sud.png 413w, https:\/\/associationpei.re\/wp-content\/uploads\/2026\/02\/logo-parallele-sud-300x89.png 300w\" sizes=\"(max-width: 413px) 100vw, 413px\" \/><\/figure>\n\n\n\n<p><\/p>\n","protected":false},"excerpt":{"rendered":"<p>Ce site a \u00e9t\u00e9 financ\u00e9 par l\u2019Union Europ\u00e9enne dans le cadre du programme FEDER-FSE+ R\u00e9union dont l\u2019Autorit\u00e9 de gestion est [&hellip;]<\/p>\n","protected":false},"author":1,"featured_media":0,"parent":0,"menu_order":0,"comment_status":"closed","ping_status":"closed","template":"","meta":{"site-sidebar-layout":"default","site-content-layout":"","ast-site-content-layout":"default","site-content-style":"default","site-sidebar-style":"default","ast-global-header-display":"","ast-banner-title-visibility":"","ast-main-header-display":"","ast-hfb-above-header-display":"","ast-hfb-below-header-display":"","ast-hfb-mobile-header-display":"","site-post-title":"","ast-breadcrumbs-content":"","ast-featured-img":"","footer-sml-layout":"","ast-disable-related-posts":"","theme-transparent-header-meta":"","adv-header-id-meta":"","stick-header-meta":"","header-above-stick-meta":"","header-main-stick-meta":"","header-below-stick-meta":"","astra-migrate-meta-layouts":"default","ast-page-background-enabled":"default","ast-page-background-meta":{"desktop":{"background-color":"var(--ast-global-color-5)","background-image":"","background-repeat":"repeat","background-position":"center center","background-size":"auto","background-attachment":"scroll","background-type":"","background-media":"","overlay-type":"","overlay-color":"","overlay-opacity":"","overlay-gradient":""},"tablet":{"background-color":"","background-image":"","background-repeat":"repeat","background-position":"center center","background-size":"auto","background-attachment":"scroll","background-type":"","background-media":"","overlay-type":"","overlay-color":"","overlay-opacity":"","overlay-gradient":""},"mobile":{"background-color":"","background-image":"","background-repeat":"repeat","background-position":"center center","background-size":"auto","background-attachment":"scroll","background-type":"","background-media":"","overlay-type":"","overlay-color":"","overlay-opacity":"","overlay-gradient":""}},"ast-content-background-meta":{"desktop":{"background-color":"var(--ast-global-color-4)","background-image":"","background-repeat":"repeat","background-position":"center center","background-size":"auto","background-attachment":"scroll","background-type":"","background-media":"","overlay-type":"","overlay-color":"","overlay-opacity":"","overlay-gradient":""},"tablet":{"background-color":"var(--ast-global-color-4)","background-image":"","background-repeat":"repeat","background-position":"center center","background-size":"auto","background-attachment":"scroll","background-type":"","background-media":"","overlay-type":"","overlay-color":"","overlay-opacity":"","overlay-gradient":""},"mobile":{"background-color":"var(--ast-global-color-4)","background-image":"","background-repeat":"repeat","background-position":"center center","background-size":"auto","background-attachment":"scroll","background-type":"","background-media":"","overlay-type":"","overlay-color":"","overlay-opacity":"","overlay-gradient":""}},"footnotes":""},"class_list":["post-153","page","type-page","status-publish","hentry"],"_links":{"self":[{"href":"https:\/\/associationpei.re\/index.php\/wp-json\/wp\/v2\/pages\/153","targetHints":{"allow":["GET"]}}],"collection":[{"href":"https:\/\/associationpei.re\/index.php\/wp-json\/wp\/v2\/pages"}],"about":[{"href":"https:\/\/associationpei.re\/index.php\/wp-json\/wp\/v2\/types\/page"}],"author":[{"embeddable":true,"href":"https:\/\/associationpei.re\/index.php\/wp-json\/wp\/v2\/users\/1"}],"replies":[{"embeddable":true,"href":"https:\/\/associationpei.re\/index.php\/wp-json\/wp\/v2\/comments?post=153"}],"version-history":[{"count":4,"href":"https:\/\/associationpei.re\/index.php\/wp-json\/wp\/v2\/pages\/153\/revisions"}],"predecessor-version":[{"id":192,"href":"https:\/\/associationpei.re\/index.php\/wp-json\/wp\/v2\/pages\/153\/revisions\/192"}],"wp:attachment":[{"href":"https:\/\/associationpei.re\/index.php\/wp-json\/wp\/v2\/media?parent=153"}],"curies":[{"name":"wp","href":"https:\/\/api.w.org\/{rel}","templated":true}]}}